?
73
Calculate the greatest common factor of 654 and 10701402.
654
Calculate the highest common factor of 240002 and 196.
98
Calculate the greatest common factor of 39 and 29336268.
39
What is the highest common divisor of 1394844 and 132?
132
Calculate the highest common factor of 913976 and 9576.
1064
What is the highest common factor of 36840 and 5640?
120
Calculate the highest common factor of 33740 and 56.
28
Calculate the highest common factor of 38200 and 200.
200
What is the greatest common divisor of 2751 and 231?
21
What is the greatest common factor of 1167 and 4153353?
1167
What is the highest common factor of 121 and 152339?
121
What is the highest common divisor of 138 and 13731?
69
What is the highest common divisor of 6670 and 1508?
58
What is the greatest common divisor of 1872 and 221286?
78
Calculate the highest common factor of 262 and 95499.
131
Calculate the highest common factor of 50834 and 14.
14
Calculate the greatest common factor of 3895 and 6560.
205
Calculate the greatest common divisor of 105 and 946155.
105
Calculate the highest common factor of 4600 and 5000.
200
Calculate the greatest common factor of 3072 and 3984.
48
Calculate the highest common divisor of 7167497 and 41.
41
What is the highest common factor of 5049 and 513?
27
Calculate the highest common factor of 260 and 7852.
52
Calculate the greatest common divisor of 208 and 83520.
16
What is the highest common divisor of 21824 and 51392?
704
What is the highest common factor of 262401 and 987?
141
What is the greatest common divisor of 7764 and 12?
12
Calculate the highest common factor of 40 and 517640.
40
Calculate the greatest common divisor of 99 and 1323300.
33
Calculate the greatest common divisor of 18564 and 259692.
204
What is the greatest common factor of 1539 and 21717?
171
What is the highest common factor of 498 and 1212?
6
Calculate the greatest common factor of 44 and 865711.
11
What is the highest common factor of 634 and 63717?
317
What is the highest common factor of 483513 and 246?
123
What is the greatest common divisor of 8 and 1396?
4
What is the highest common divisor of 1584 and 293832?
792
What is the highest common factor of 2429523 and 9?
9
What is the greatest common factor of 5 and 793710?
5
Calculate the greatest common factor of 56 and 3473204.
28
Calculate the greatest common divisor of 17996 and 506.
22
What is the greatest common factor of 2217501 and 1723?
1723
Calculate the greatest common factor of 9761 and 1816.
227
Calculate the greatest common factor of 190 and 3002.
38
Calculate the greatest common factor of 340 and 107933.
17
What is the greatest common divisor of 3364 and 3778613?
841
Calculate the highest common divisor of 6321 and 665511.
903
Calculate the highest common factor of 175 and 22624.
7
What is the highest common divisor of 115075 and 50?
25
Calculate the greatest common divisor of 625996 and 9056.
1132
What is the greatest common divisor of 12 and 28641?
3
What is the highest common factor of 728584 and 4392?
488
What is the highest common divisor of 229559 and 1189?
41
What is the greatest common divisor of 2208 and 67068?
276
What is the greatest common divisor of 41520 and 10034?
346
What is the greatest common factor of 29160 and 110592?
216
What is the greatest common divisor of 39 and 242931?
39
Calculate the greatest common factor of 1283922 and 18.
18
What is the greatest common divisor of 219 and 1080181?
73
Calculate the greatest common factor of 6256 and 207.
23
Calculate the highest common divisor of 104214 and 924.
66
Calculate the greatest common divisor of 69278 and 141.
47
What is the highest common factor of 560332 and 4?
4
What is the greatest common factor of 4 and 82666?
2
What is the greatest common divisor of 472 and 441497?
59
Calculate the greatest common divisor of 952 and 8904.
56
What is the highest common factor of 865 and 660?
5
What is the greatest common factor of 310 and 187426?
62
Calculate the greatest common divisor of 775 and 181133.
31
What is the highest common divisor of 13508 and 1535?
307
Calculate the highest common divisor of 1 and 16095.
1
What is the greatest common divisor of 462 and 120?
6
Calculate the highest common factor of 177278 and 274.
274
Calculate the greatest common divisor of 106369 and 17.
17
What is the greatest common factor of 668759 and 117?
13
Calculate the highest common divisor of 40 and 131920.
40
What is the greatest common divisor of 7750 and 21390?
310
Calculate the highest common divisor of 16516 and 272.
4
What is the greatest common divisor of 212625 and 63?
63
What is the highest common factor of 97 and 240?
1
Calculate the highest common divisor of 82425 and 50.
25
What is the highest common divisor of 16 and 28936?
8
Calculate the highest common divisor of 6321 and 102039.
903
Calculate the greatest common divisor of 3379851 and 27.
9
Calculate the highest common factor of 10767 and 98067.
291
What is the highest common divisor of 15049 and 19221?
149
Calculate the highest common divisor of 1344 and 1992.
24
What is the greatest common factor of 631655 and 3705?
95
What is the highest common divisor of 14728824 and 792?
792
Calculate the greatest common divisor of 731 and 272.
17
Calculate the greatest common factor of 114667 and 7.
7
What is the highest common factor of 3 and 48093?
3
What is the highest common divisor of 199988 and 5536?
692
What is the greatest common factor of 60 and 165450?
30
Calculate the highest common divisor of 229 and 5369363.
229
What is the highest common divisor of 39236 and 2176?
68
What is the highest common divisor of 19548 and 564?
12
Calculate the greatest common factor of 5 and 117236.
1
Calculate the highest common divisor of 31188 and 138.
138
What is the greatest common factor of 127906 and 310?
62
What is the highest common factor of 12 and 635853?
3
Calculate the highest common factor of 15 and 467655.
15
What is the greatest common divisor of 336 and 1050?
42
Calculate the greatest common factor of 18208 and 384.
32
What is the highest common divisor of 7383 and 1605?
321
Calculate the greatest common factor of 982 and 166.
2
What is the greatest common factor of 4514 and 732?
122
Calculate the highest common factor of 1085 and 9415.
35
Calculate the greatest common divisor of 24 and 211353.
3
Calculate the greatest common divisor of 19210 and 80.
10
Calculate the greatest common divisor of 166 and 14691.
83
Calculate the highest common divisor of 3185 and 553.
7
What is the greatest common factor of 44 and 4473513?
11
Calculate the highest common factor of 1347 and 294544.
449
What is the highest common factor of 1717 and 1751?
17
What is the greatest common factor of 1510 and 3505465?
755
Calculate the highest common factor of 1630232 and 24.
8
Calculate the highest common divisor of 284 and 24779.
71
What is the highest common divisor of 766 and 190?
2
What is the greatest common divisor of 1957 and 15965?
103
What is the greatest common divisor of 201465 and 4440?
555
What is the greatest common factor of 406 and 7546?
14
Calculate the greatest common factor of 792 and 238920.
264
What is the greatest common divisor of 22675912 and 56?
56
Calculate the highest common factor of 57 and 68571.
57
What is the highest common factor of 79611 and 714?
357
What is the highest common divisor of 1485 and 4026?
33
What is the greatest common factor of 140365 and 3015?
335
What is the highest common factor of 30 and 325895?
5
Calculate the highest common factor of 7 and 85169.
7
What is the greatest common factor of 19321 and 13622?
139
Calculate the greatest common divisor of 27780 and 28.
4
What is the highest common divisor of 783 and 3683?
29
What is the highest common divisor of 23091 and 3741?
129
What is the greatest common divisor of 23739 and 24354?
123
Calculate the greatest common factor of 26958 and 6.
6
Calculate the highest common factor of 27 and 1811331.
9
Calculate the greatest common divisor of 114128 and 1344.
112
Calculate the greatest common divisor of 228 and 556.
4
What is the highest common factor of 2520 and 11466?
126
What is the greatest common factor of 260 and 6860?
20
What is the highest common divisor of 310445 and 145?
145
Calculate the highest comm